) to base 7
-13
What is 59 (base 15) in base 10?
84
-4 (base 12) to base 14
-4
What is 3 (base 14) in base 9?
3
What is -2 (base 11) in base 7?
-2
Convert -5 (base 14) to base 13.
-5
What is -45 (base 11) in base 10?
-49
2 (base 8) to base 6
2
0 (base 10) to base 16
0
Convert -27 (base 16) to base 7.
-54
2 (base 11) to base 15
2
Convert 153 (base 6) to base 14.
4d
Convert -6 (base 16) to base 5.
-11
Convert 8 (base 14) to base 9.
8
What is 11313 (base 4) in base 2?
101110111
35 (base 8) to base 3
1002
122 (base 3) to base 13
14
1 (base 8) to base 6
1
What is -19 (base 15) in base 12?
-20
Convert 1000110 (base 2) to base 6.
154
Convert -2324 (base 5) to base 11.
-289
What is -441 (base 5) in base 8?
-171
-29 (base 12) to base 3
-1020
Convert -2 (base 6) to base 2.
-10
What is -3 (base 14) in base 12?
-3
-19 (base 13) to base 14
-18
Convert 100 (base 2) to base 15.
4
Convert 6 (base 12) to base 15.
6
Convert -7 (base 8) to base 15.
-7
Convert 1 (base 16) to base 5.
1
Convert -6 (base 8) to base 4.
-12
1 (base 6) to base 13
1
1112 (base 4) to base 2
1010110
-111111 (base 2) to base 16
-3f
What is -1 (base 5) in base 12?
-1
7 (base 9) to base 6
11
Convert 0 (base 14) to base 15.
0
Convert -2 (base 6) to base 13.
-2
Convert -154 (base 7) to base 12.
-74
Convert -3 (base 16) to base 5.
-3
What is -17 (base 13) in base 15?
-15
-23 (base 5) to base 6
-21
What is 5 (base 7) in base 2?
101
Convert -87 (base 14) to base 4.
-1313
Convert 10010 (base 2) to base 14.
14
13 (base 4) to base 7
10
What is 2 (base 14) in base 7?
2
Convert 2 (base 6) to base 12.
2
3 (base 16) to base 10
3
Convert 11 (base 3) to base 15.
4
What is -44 (base 10) in base 9?
-48
Convert -1211 (base 4) to base 3.
-10202
Convert 0 (base 9) to base 14.
0
What is -64 (base 10) in base 5?
-224
What is 2b (base 16) in base 12?
37
What is 36 (base 16) in base 6?
130
1 (base 9) to base 13
1
What is -1 (base 15) in base 8?
-1
Convert 2 (base 12) to base 3.
2
Convert -d (base 16) to base 11.
-12
Convert 10 (base 4) to base 10.
4
What is 5b (base 14) in base 11?
74
Convert 2123 (base 4) to base 7.
311
Convert 241 (base 5) to base 13.
56
What is 49 (base 14) in base 10?
65
-111 (base 3) to base 6
-21
What is -3 (base 11) in base 6?
-3
9 (base 13) to base 3
100
66 (base 13) to base 12
70
8 (base 14) to base 16
8
Convert -3 (base 16) to base 8.
-3
Convert -17 (base 9) to base 8.
-20
17 (base 9) to base 15
11
What is -4 (base 6) in base 10?
-4
36 (base 7) to base 5
102
12 (base 3) to base 16
5
Convert -f7 (base 16) to base 6.
-1051
Convert -4 (base 5) to base 3.
-11
Convert -304 (base 5) to base 15.
-54
What is b6 (base 12) in base 16?
8a
Convert 21 (base 15) to base 14.
23
Convert -3 (base 13) to base 8.
-3
What is 25 (base 7) in base 4?
103
What is 3 (base 8) in base 2?
11
-70 (base 10) to base 16
-46
Convert -1214 (base 5) to base 16.
-b8
Convert -1001 (base 2) to base 7.
-12
5 (base 16) to base 7
5
Convert 9c (base 16) to base 11.
132
1 (base 16) to base 6
1
Convert -7 (base 13) to base 4.
-13
11 (base 5) to base 13
6
Convert -9 (base 12) to base 16.
-9
What is -4 (base 16) in base 3?
-11
What is 3 (base 16) in base 3?
10
What is 2 (base 9) in base 13?
2
Convert -45 (base 6) to base 10.
-29
Convert 3 (base 15) to base 7.
3
What is 0 (base 15) in base 8?
0
What is 10 (base 9) in base 8?
11
Convert -1 (base 5) to base 4.
-1
Convert 71 (base 8) to base 5.
212
-102 (base 4) to base 5
-33
What is -103 (base 7) in base 3?
-1221
What is 142 (base 5) in base 9?
52
Convert -a (base 13) to base 4.
-22
What is 20 (base 4) in base 7?
11
What is -10 (base 9) in base 7?
-12
-10000 (base 2) to base 7
-22
18 (base 16) to base 2
11000
What is 504 (base 8) in base 2?
101000100
45 (base 14) to base 3
2021
-1011 (base 2) to base 11
-10
Convert 69 (base 15) to base 3.
10200
-100110 (base 2) to base 3
-1102
What is 21 (base 3) in base 10?
7
Convert -21 (base 7) to base 9.
-16
Convert -20 (base 7) to base 5.
-24
What is 10011 (base 2) in base 8?
23
Convert b (base 12) to base 8.
13
Convert -1 (base 11) to base 7.
-1
What is -9 (base 14) in base 3?
-100
What is 1110 (base 3) in base 8?
47
What is 1 (base 12) in base 7?
1
Convert 131 (base 16) to base 11.
258
Convert 1 (base 3) to base 13.
1
What is 8d (base 14) in base 9?
148
210 (base 6) to base 14
58
What is -12 (base 15) in base 6?
-25
What is -38 (base 12) in base 4?
-230
Convert -1 (base 6) to base 12.
-1
Convert -2121 (base 3) to base 4.
-1012
Convert -10 (base 9) to base 16.
-9
What is -a (base 14) in base 9?
-11
Convert 0 (base 8) to base 15.
0
What is 10 (base 2) in base 13?
2
Convert -2 (base 8) to base 6.
-2
What is 0 (base 12) in base 7?
0
31 (base 9) to base 16
1c
What is 10001 (base 2) in base 4?
101
What is -533 (base 6) in base 13?
-126
Convert -2 (base 16) to base 3.
-2
14 (base 12) to base 4
100
-21 (base 8) to base 4
-101
What is -201 (base 6) in base 12?
-61
2 (base 8) to base 16
2
What is 331 (base 7) in base 15?
b4
-11 (base 12) to base 7
-16
13 (base 4) to base 15
7
What is a (base 14) in base 16?
a
Convert 102 (base 5) to base 11.
25
20 (base 3) to base 15
6
-1111 (base 2) to base 10
-15
Convert -a6 (base 14) to base 6.
-402
Convert -102 (base 3) to base 11.
-10
0 (base 8) to base 4
0
What is 0 (base 12) in base 11?
0
What is 21 (base 3) in base 7?
10
2 (base 11) to base 14
2
What is 13 (base 11) in base 7?
20
Convert -101100 (base 2) to base 14.
-32
-223 (base 5) to base 6
-143
0 (base 2) to base 16
0
-5 (base 8) to base 11
-5
Convert 35 (base 6) to base 4.
113
Convert 11 (base 8) to base 14.
9
Convert 13 (base 15) to base 7.
24
Convert -2 (base 11) to base 10.
-2
2 (base 5) to base 11
2
27 (base 15) to base 6
101
Convert -1 (base 6) to base 10.
-1
What is -1 (base 10) in base 12?
-1
Convert -5 (base 10) to base 2.
-101
-238 (base 9) to base 7
-401
23 (base 9) to base 15
16
What is 79 (base 10) in base 11?
72
Convert -16 (base 14) to base 5.
-40
What is 0 (base 7) in base 15?
0
-13 (base 13) to base 7
-22
What is 3 (base 5) in base 2?
11
2 (base 7) to base 4
2
260 (base 8) to base 7
341
What is -75 (base 14) in base 5?
-403
Convert -4 (base 12) to base 5.
-4
What is -5 (base 15) in base 12?
-5
Convert -6 (base 7) to base 11.
-6
-10100011 (base 2) to base 11
-139
What is 151 (base 8) in base 12?
89
Convert 0 (base 5) to base 13.
0
1110001 (base 2) to base 8
161
1 (base 9) to base 11
1
What is 4 (base 16) in base 6?
4
5 (base 13) to base 5
10
Convert -2e (base 15) to base 12.
-38
Convert 0 (base 5) to base 16.
0
What is -7 (base 14) in base 12?
-7
What is 66 (base 12) in base 15?
53
Convert -5 (base 9) to base 7.
-5
What is -3 (base 4) in base 6?
-3
Convert 2 (base 11) to base 15.
2
Convert -1 (base 8) to base 15.
-1
Convert 2 (base 14) to base 15.
2
-1020 (base 3) to base 4
-201
What is -15 (base 7) in base 13?
-c
What is 4 (base 13) in base 12?
4
221 (base 5) to base 10
61
What is 12 (base 4) in base 3?
20
74 (base 11) to base 15
56
Convert 12 (base 10) to base 12.
10
Convert 122 (base 3) to base 4.
101
Convert -12 (base 13) to base 11.
-14
Convert 62 (base 13) to base 4.
1100
11 (base 3) to base 9
4
Convert 0 (base 5) to base 13.
0
What is -3 (base 10) in base 14?
-3
-2 (base 3) to base 5
-2
Convert 4 (base 9) to base 16.
4
-22122 (base 3) to base 11
-1a2
Convert 100111 (base 2) to base 15.
29
Convert 10 (base 2) to base 12.
2
Convert 41 (base 13) to base 4.
311
-274 (base 11) to base 12
-22b
What is 0 (base 2) in base 11?
0
What is -137 (base 8) in base 10?
-95
Convert 10011110 (base 2) to base 12.
112
100 (base 12) to base 7
264
What is 13 (base 12) in base 7?
21
What is -184 (base 11) in base 9?
-256
What is -46 (base 16) in base 12?
-5a
What is -212 (base 5) in base 9?
-63
Convert -10 (base 3) to base 10.
-3
Convert -31 (base 15) to base 7.
-64
-21 (base 4) to base 16
-9
What is -1100101 (base 2) in base 16?
-65
2011 (base 3) to base 5
213
Convert 167 (base 8) to base 10.
119
Convert 10 (base 3) to base 9.
3
What is 7 (base 15) in base 12?
7
What is 4 (base 7) in base 11?
4
-11 (base 15) to base 5
-31
-8 (base 15) to base 14
-8
Convert -4 (base 7) to base 4.
-10
-1b (base 13) to base 10
-24
-10000 (base 2) to base 8
-20
8 (base 16) to base 3
22
8 (base 13) to base 15
8
-223 (base 8) to base 12
-103
Convert 2 (base 13) to base 3.
2
Co